List the prime factors of 313041309.
3, 7, 14906729
List the prime factors of 1251748.
2, 312937
What are the prime factors of 134052965?
5, 26810593
List the prime factors of 407340399.
3, 47, 809, 3571
List the prime factors of 260393791.
7, 5314159
What are the prime factors of 62200310?
2, 5, 251, 24781
What are the prime factors of 1096032929?
1096032929
What are the prime factors of 823933472?
2, 25747921
List the prime factors of 101057077.
11, 9187007
List the prime factors of 50973464.
2, 103, 61861
List the prime factors of 17611035.
3, 5, 13, 90313
List the prime factors of 24013438.
2, 173, 69403
List the prime factors of 176195823.
3, 241, 243701
List the prime factors of 1991730.
2, 3, 5, 13, 5107
What are the prime factors of 125373653?
109, 1150217
List the prime factors of 2021744614.
2, 1010872307
List the prime factors of 304553390.
2, 5, 3217, 9467
List the prime factors of 832152798.
2, 3, 15410237
What are the prime factors of 357677171?
7541, 47431
What are the prime factors of 270320448?
2, 3, 19, 74101
What are the prime factors of 138274209?
3, 17, 100417
What are the prime factors of 107490356?
2, 29, 41, 97, 233
List the prime factors of 156867257.
3557, 44101
List the prime factors of 351514564.
2, 73, 1203817
List the prime factors of 966474841.
10631, 90911
List the prime factors of 1006778991.
3, 37, 263, 34487
What are the prime factors of 64023228?
2, 3, 1778423
List the prime factors of 61264957.
13, 17, 277217
List the prime factors of 245479564.
2, 11, 647, 8623
What are the prime factors of 103826770?
2, 5, 211, 49207
What are the prime factors of 1757721694?
2, 878860847
List the prime factors of 4618014678.
2, 3, 79, 223, 14563
List the prime factors of 27037613.
27037613
What are the prime factors of 1818078948?
2, 3, 7, 31, 33247
List the prime factors of 3984433622.
2, 13, 541, 283267
What are the prime factors of 13760870?
2, 5, 1093, 1259
List the prime factors of 226032828.
2, 3, 7, 557, 4831
List the prime factors of 102239405.
5, 2713, 7537
What are the prime factors of 64957396?
2, 7, 2319907
List the prime factors of 28089845.
5, 7, 37, 109, 199
List the prime factors of 52404259.
5953, 8803
List the prime factors of 2355479379.
3, 11, 7930907
What are the prime factors of 1623178403?
7, 11, 263, 80153
List the prime factors of 618987480.
2, 3, 5, 773, 6673
What are the prime factors of 5223033889?
5223033889
List the prime factors of 2885725810.
2, 5, 11, 26233871
What are the prime factors of 12621464?
2, 31, 50893
What are the prime factors of 1259728710?
2, 3, 5, 31, 1354547
What are the prime factors of 478739410?
2, 5, 47873941
List the prime factors of 201726669.
3, 139, 483757
List the prime factors of 5529315757.
7, 789902251
What are the prime factors of 34909009?
23, 1517783
What are the prime factors of 1406862235?
5, 281372447
List the prime factors of 106326230.
2, 5, 109, 97547
What are the prime factors of 1901972936?
2, 107, 2221931
List the prime factors of 945934589.
19, 31, 101, 15901
What are the prime factors of 382721205?
3, 5, 277, 92111
List the prime factors of 1078549332.
2, 3, 7, 109, 117797
List the prime factors of 48433419.
3, 5381491
What are the prime factors of 216199792?
2, 101, 353, 379
List the prime factors of 1137234328.
2, 142154291
List the prime factors of 569021493.
3, 41, 4626191
List the prime factors of 118628074.
2, 17, 3489061
List the prime factors of 7561020.
2, 3, 5, 23, 5479
What are the prime factors of 802097752?
2, 1481, 67699
What are the prime factors of 194426304?
2, 3, 1012637
List the prime factors of 520880729.
443, 1175803
List the prime factors of 2347067126.
2, 173, 2371, 2861
List the prime factors of 1204421710.
2, 5, 120442171
List the prime factors of 263593644.
2, 3, 29, 107, 7079
What are the prime factors of 88581924?
2, 3, 23, 11887
List the prime factors of 46220148.
2, 3, 13, 71, 107
What are the prime factors of 133237478?
2, 11, 43, 127, 1109
What are the prime factors of 47553319?
11, 179, 24151
List the prime factors of 121253076.
2, 3, 7, 131, 3673
List the prime factors of 6358496629.
9281, 685109
What are the prime factors of 37109340?
2, 3, 5, 22907
What are the prime factors of 5123593414?
2, 653, 967, 4057
List the prime factors of 58567990.
2, 5, 13, 31, 14533
What are the prime factors of 675822252?
2, 3, 7, 8045503
List the prime factors of 141173142.
2, 3, 11, 2138987
List the prime factors of 1073614073.
7, 17, 9021967
List the prime factors of 4570472463.
3, 1117, 1363913
List the prime factors of 47845264.
2, 107, 27947
What are the prime factors of 17993092?
2, 13, 43, 619
List the prime factors of 87669475.
5, 43, 81553
List the prime factors of 743077963.
313, 2374051
What are the prime factors of 4993180?
2, 5, 249659
What are the prime factors of 3251909542?
2, 7, 137, 223, 7603
What are the prime factors of 104423685?
3, 5, 6961579
What are the prime factors of 12465604?
2, 83, 37547
List the prime factors of 179392409.
7, 3109, 8243
What are the prime factors of 3481842173?
3481842173
What are the prime factors of 35559814?
2, 139, 127913
What are the prime factors of 1499805124?
2, 7549, 49669
List the prime factors of 1273087088.
2, 7, 13, 874373
What are the prime factors of 876709343?
19, 787, 58631
What are the prime factors of 6234370646?
2, 7, 63616027
List the prime factors of 148559042.
2, 74279521
What are the prime factors of 524234199?
3, 43, 137, 29663
List the prime factors of 161146055.
5, 7, 67, 9817
List the prime factors of 28627466.
2, 7, 29, 1439
What are the prime factors of 18477107?
11, 349, 4813
What are the prime factors of 35022208?
2, 13, 1619
What are the prime factors of 52203474?
2, 3, 569, 1699
List the prime factors of 160469659.
7, 3274891
List the prime factors of 608286263.
13, 3599327
List the prime factors of 71051777.
269, 264133
What are the prime factors of 575977626?
2, 3, 7, 4571251
What are the prime factors of 204867791?
139, 1473869
What are the prime factors of 51795069?
3, 17265023
What are the prime factors of 1046342227?
7, 21353923
List the prime factors of 284245791.
3, 29, 3267193
What are the prime factors of 1146994817?
1146994817
List the prime factors of 353688445.
5, 11, 584609
List the prime factors of 51156096.
2, 3, 101, 1319
What are the prime factors of 7201507533?
3, 11, 83, 2629247
What are the prime factors of 123236734?
2, 41, 1502887
What are the prime factors of 770083696?
2, 293, 164267
What are the prime factors of 7137971031?
3, 829, 2870113
List the prime factors of 38109672.
2, 3, 529301
List the prime factors of 2616797397.
3, 29, 2671, 11261
List the prime factors of 975674642.
2, 17, 163, 176051
What are the prime factors of 40552478?
2, 2999, 6761
What are the prime factors of 37494653?
7, 37, 20681
What are the prime factors of 1680654953?
5867, 286459
What are the prime factors of 115890018?
2, 3, 3691, 5233
What are the prime factors of 2103592261?
2103592261
What are the prime factors of 167978508?
2, 3, 881, 15889
What are the prime factors of 15216345?
3, 5, 338141
What are the prime factors of 1565803330?
2, 5, 7, 13, 409, 601
List the prime factors of 88663565.
5, 31, 572023
List the prime factors of 20255862.
2, 3, 11, 19, 29, 557
What are the prime factors of 333769795?
5, 47, 113, 12569
What are the prime factors of 733773223?
733773223
What are the prime factors of 6919779587?
7, 53, 263, 70919
What are the prime factors of 2855901528?
2, 3, 227, 174737
What are the prime factors of 34006258?
2, 11, 13, 118903
List the prime factors of 53035144.
2, 6629393
List the prime factors of 248781236.
2, 11, 167, 33857
What are the prime factors of 857437537?
11, 77948867
What are the prime factors of 264067201?
4339, 60859
What are the prime factors of 800821295?
5, 17, 31, 303917
List the prime factors of 105574319.
105574319
List the prime factors of 880231935.
3, 5, 11, 307, 17377
List the prime factors of 630327494.
2, 577, 546211
What are the prime factors of 43966665?
3, 5, 19, 61, 281
List the prime factors of 21001083.
3, 67, 163, 641
What are the prime factors of 8115633?
3, 100193
List the prime factors of 472173473.
472173473
What are the prime factors of 50804654?
2, 23, 1104449
What are the prime fact